*c**2 - 16*c + 22. Calculate the remainder when v is divided by s(z).
4
Let p(a) = a**3 + 6*a**2 + 3*a + 4. Let d be p(-6). Let g = 29 + d. What is the remainder when 268/6 - (-4)/(-6) is divided by g?
14
Let i = -16 - -19. Suppose 0*j = j, -5*j - 75 = -i*s. Let b = 249 - 150. Calculate the remainder when b is divided by s.
24
Calculate the remainder when 197 is divided by ((-132)/(-4))/(4*3/8).
21
Let w = -2 + 3. Suppose 2*x - 10 = u - x, -5*u = 5*x - 50. What is the remainder when u is divided by w?
0
Let n = -13 - -9. Suppose 0 = -3*w - 0*w + 4*r - 6, -6 = 3*w + 3*r. Calculate the remainder when 13 is divided by (w/n)/((-6)/(-84)).
6
Suppose -3*f = 4*j - 137, -2*f + j = 2*f - 170. Let x = -9 + 24. What is the remainder when f is divided by x?
13
Suppose 0 = -2*u - 3*u + 170. Let v = 1844 + -1777. Calculate the remainder when v is divided by u.
33
Suppose 3*v + 2*b - 277 = 0, -112 + 17 = -v - 2*b. What is the remainder when v is divided by 23?
22
Suppose 4*b - 39 = -3*s, 0 = -5*b + s - 32 + 76. Let w = 77 + -35. Calculate the remainder when w is divided by b.
6
Let f = 70 + -76. Calculate the remainder when 8 is divided by (-30)/f*1*1.
3
Let n(s) = -s**3 + s**2 + 2*s + 50. Let z be n(0). Suppose -4*w + z = w. Calculate the remainder when 14 is divided by w.
4
Suppose 3*m - 188 = -q, 24*m + 178 = q + 25*m. What is the remainder when q is divided by 38?
21
Suppose 0 = -t - 2*s - 14, -2*t - 12 = -t + s. Let m = t + 20. Calculate the remainder when 18 is divided by m.
8
Let o = -84 + 218. What is the remainder when o is divided by 29?
18
Let i(t) = -26*t - 139. Calculate the remainder when i(-17) is divided by 8.
7
Let a = -534 + 558. Suppose s = -4*w + 40, 6*s = -3*w + s + 47. What is the remainder when a is divided by w?
6
Suppose 0 = l - 4 + 1. Suppose -5*a + 5 = -17*f + 12*f, 2*a = f + 5. Calculate the remainder when a is divided by l.
1
Let g(m) = 81*m**2 - 10*m - 22. Calculate the remainder when g(-2) is divided by 30.
22
Let l(w) = -22*w - 45. Calculate the remainder when l(-15) is divided by 48.
45
Let c be (-2)/(-4) - (-115)/(-10). Let l = c - -16. Suppose 2*p + v = 33 - 11, -l*p - 3*v = -56. Calculate the remainder when 38 is divided by p.
8
Let y = 19 + -4. Let c(o) = -o**2 + 3*o + 4. Let w be c(3). Suppose -w*v = -3*p - 273, 99 = -3*v - 5*p + 340. What is the remainder when v is divided by y?
12
Let a(p) = 46*p**3 - 5*p**2 + 2*p + 1. Calculate the remainder when a(2) is divided by 59.
58
What is the remainder when 41 is divided by 7 + (-18 - -5) + 21?
11
Suppose -5*p + 355 = -0*p. Suppose -4*w + p = 5*y, -y - 2*y = 4*w - 49. What is the remainder when (75 - 32 - 18)*(-12)/(-10) is divided by y?
8
Suppose 4*u - 4*v - 8 = 0, 14 = u + 7*v - 2*v. Let j = 1 + -1. Suppose 12 = 2*d - 4*s, -u*d + 5*s = -j*s - 33. What is the remainder when 22 is divided by d?
10
What is the remainder when 38 is divided by 0 + 4 - 9 - -25?
18
Let d = -4 + 9. Suppose -b - b + 2*u = -34, -d = u. What is the remainder when b is divided by 2?
0
Suppose -2*u = -3*u - 27. Let f = u + 40. What is the remainder when 38 is divided by f?
12
Let c be (-1)/((-9)/2 - -4). Let r be 34 - (c + -7 + 3). Let n = r + -21. Calculate the remainder when 88 is divided by n.
13
Suppose -d + 54 = 3*m - 93, 2*d = m + 322. What is the remainder when d is divided by 11?
5
Suppose -8*j + 12 + 28 = 0. Suppose 3*a = -3*s + 114, j*a - 73 = -2*s - 3. What is the remainder when 199 is divided by s?
39
Let b(p) = p**2 + 4*p - 18. Suppose 4*c - 25 = 3*a, 2*a + 3*c - 24 = 5*a. Let v = 28 - 16. What is the remainder when v is divided by b(a)?
0
Let a(u) = 12*u + 52. What is the remainder when 205 is divided by a(0)?
49
Suppose -5*s = -10*s + 10, 0 = 3*u - 5*s - 11. Suppose 0 = -u*z + 2*z + 305. Suppose 14 + z = 3*t. Calculate the remainder when 73 is divided by t.
23
Let x(t) = 11*t - 3. Let l be x(1). Let c(o) = o**3 - 8*o**2 + 4*o - 8. Calculate the remainder when 45 is divided by c(l).
21
Suppose -8*a = -3*a - 10. Suppose a*b + 5*c = 33, 2*b + 5*c = 2*c + 27. Let z(y) = 6*y + 111. Calculate the remainder when z(-13) is divided by b.
6
Suppose 0 = 2*c - 3*o - 956, 30*o - 25*o = -c + 465. Calculate the remainder when c is divided by 96.
91
Suppose -3*b + 976 = 5*w, -w - 2*b + 144 + 47 = 0. What is the remainder when w is divided by 18?
17
Suppose 4*v = -2*x - v - 15, -4*v = -x + 12. Let m(g) = g + 35. Let l be m(x). Let d = l + 16. Calculate the remainder when d is divided by 13.
12
Let l = 127 + -107. What is the remainder when l is divided by 7?
6
Suppose -35*c + 59*c - 3168 = 0. Calculate the remainder when c is divided by 35.
27
Let h = -298 + 365. What is the remainder when 192 is divided by h?
58
Let i = -3 - -8. Suppose 0*q + 118 = 4*l + 2*q, 3*l = q + 81. Calculate the remainder when l is divided by i.
3
Let o = 21 + -8. Suppose -4*z = 20, 5*m - z - 18 - 27 = 0. Calculate the remainder when o is divided by m.
5
Suppose 5*l - q - 17 = 0, q = l - 3*l + 11. Let d be (1 + 29)*290/25. Suppose -2*z - l*z = -d. Calculate the remainder when z is divided by 15.
13
Suppose -q - 11 = 45. What is the remainder when (-1648)/(-14) - 16/q is divided by 10?
8
Suppose 3*q - 4*k = 77, -11*q - 4*k - 58 = -13*q. Calculate the remainder when 150 is divided by q.
17
Let u = -136 + 254. Calculate the remainder when u is divided by 41.
36
Suppose 9*w = -97 + 394. Suppose 0 = -8*o + 121 - w. Calculate the remainder when 15 is divided by o.
4
Suppose 4*m = -16 - 96. Let l = m - -16. Let c = -7 - l. Calculate the remainder when 12 is divided by c.
2
Let q be (-2)/3*36/(-8). Suppose -98 = 3*a - q*t + t, 138 = -5*a - 3*t. Calculate the remainder when 89 is divided by (-1)/(-5) + (-684)/a.
20
Let c be -2 + 0 + (-4)/(-1). Suppose -3*l = 3*j + 2*j - 94, -l - 42 = -2*j. Let o = j - c. Calculate the remainder when 70 is divided by o.
16
Calculate the remainder when 224 is divided by (-4)/(5 - 1)*-46.
40
Suppose -t + 502 = 10*o - 6*o, 5*o + t = 628. What is the remainder when o is divided by 32?
30
Suppose 3*u - l = 6*u - 37, -3*l = -u + 9. Suppose 4*f = 7*f - 12. Suppose 4*o = -5*r + 225, r + f*o - 45 = 3*o. Calculate the remainder when r is divided by u.
9
Let k(p) = -p**3 - 2*p**2 + 4*p + 7. What is the remainder when k(-4) is divided by 15?
8
Suppose -4 - 11 = -5*i. Calculate the remainder when i + 21 - (4 - 0) is divided by (-22)/(-2*(2 + -1)).
9
Suppose -9*a + 7*a = -22. Suppose a*j - 593 = -76. What is the remainder when j is divided by 33?
14
Suppose -2616 = -5*i + 2*r, 5*i + 5*r - 1479 = 1151. What is the remainder when i is divided by 21?
20
Suppose -24*g - 294 = -30*g. What is the remainder when g is divided by 10?
9
Let q(t) be the third derivative of t**4/8 + 5*t**3/6 - 23*t**2. Calculate the remainder when q(13) is divided by 15.
14
What is the remainder when 82 is divided by 6/(-15) + (-305)/(-50)*4?
10
Let j(v) = 5*v - 3. Let r be 4/24 + 10/12. Suppose -r = -l + 7. Calculate the remainder when j(l) is divided by 19.
18
Let o(p) = 3*p**2 - 2*p - 1. Let s be o(2). Suppose s*q = -0*q + 532. Calculate the remainder when q is divided by 13.
11
Let h(r) be the third derivative of 11*r**4/12 + 4*r**3/3 + 3*r**2. Calculate the remainder when h(5) is divided by 24.
22
Let v(y) = -y**3 + 2*y**2 + 3*y + 57. Let q be v(0). Suppose q*r - 53*r - 52 = 0. Calculate the remainder when 50 is divided by r.
11
Let s(u) = -u**3 + u**2 + 3*u + 2. What is the remainder when s(-3) is divided by (-6)/21 + ((-390)/(-63) + -6)*54?
9
Let x(g) = -168*g**3 + g**2 - 1. Let l be -1*(2/(-4))/((-2)/4). Calculate the remainder when x(l) is divided by 43.
39
Suppose 0 = 88*i - 2439 - 377. What is the remainder when 242 is divided by i?
18
Suppose -3*s = -141 - 45. Suppose 6*v - s + 2 = 0. Calculate the remainder when v is divided by 4.
2
Let r = -40 + 60. What is the remainder when (12 - -1)/((-6)/(-18)) is divided by r?
19
Let z = 1476 + -1465. Calculate the remainder when z is divided by 3*2 + (-2 - -4).
3
Calculate the remainder when 1*-1*-33*1 is divided by 129958/7240 + 2/40.
15
Let q = 38 + 122. Suppose -3*r + n = 2*n - q, -4*n = 3*r - 154. Let j = 2 + 17. Calculate the remainder when r is divided by j.
16
Suppose 0 = 4*p + x - 601, -p + 174 = 4*x + x. Calculate the remainder when p is divided by 46.
11
Let r(n) = -19*n - 3. Suppo